41 a prime number?
True
Suppose -8*l + 12 = -6*l. Suppose 11*r = l*r + 1455. Is r prime?
False
Let r(t) = 993*t**2 + 1. Let i be 6/9*-3 + 1. Let a be r(i). Let b = -117 + a. Is b a composite number?
False
Is (-2 - 4/(8/(-10))) + 3716 composite?
False
Is ((-52)/12*3778)/((-54)/81) prime?
False
Let f(h) = h**2 - 8*h + 1. Let v be f(12). Suppose -m - 2*g + 12 = 0, 0*m + g = 2*m - v. Is 6325/m + 2/(-4) a composite number?
True
Let q be -9 + 7 + (348 - -1). Suppose 2*w = -3*r + 157, 0 = -5*w - 5*r + q + 53. Is w a composite number?
False
Let h(q) = -q**3 - 30*q**2 - 59*q - 64. Let v be h(-28). Suppose -335 = -3*r - 3*t - 20, -4*r = t - 426. Let a = v + r. Is a prime?
True
Let i = 1 - -7. Let w(u) = u**3 - 6*u**2 - 11*u + 6. Let s be w(i). Is -1*s/2*-1 a prime number?
True
Suppose 5*q = -2*d + 6815, 4*q - 4*d - 2990 = 2434. Is q a composite number?
False
Let u(k) = -6*k + 11. Let h(q) = 18*q - 32. Let i(d) = 6*h(d) + 17*u(d). Is i(5) a composite number?
True
Let w = 9961 + -1070. Is w composite?
True
Suppose 50*i - 52*i = -16716. Suppose 3*s - 9*s = -i. Is s a composite number?
True
Let a(r) = 80*r**2 + 4*r + 19. Is a(7) prime?
True
Suppose -3*y + c + 569744 - 112249 = 0, 610004 = 4*y + 4*c. Is y a composite number?
True
Let i = -20391 + 35012. Is i composite?
False
Let j(f) = f**2 + 8*f + 2. Let b be j(-8). Suppose -b*o + 2 = 0, -k - 939 = -2*k - 2*o. Is k a composite number?
False
Let n = -15 + 15. Suppose n = -9*g + 609 - 132. Is g prime?
True
Let k(j) = -j**3 + 3*j**2 + 2. Let v be k(0). Suppose -4*u + 5*c + 730 = 0, 0 = 2*u + v*c - 10 - 364. Is u composite?
True
Let n(p) be the third derivative of p**6/15 - p**5/30 + p**4/24 + p**3/6 - 4*p**2. Let d be n(2). Let x = d - 33. Is x prime?
False
Let j(f) = f**3 - 11*f**2 + f + 30. Let q be j(15). Let y = q + -556. Is y composite?
False
Suppose 4*f - 14024 = -4*t, f + 3*f + 17575 = 5*t. Is t a prime number?
True
Let m(f) = 33*f**2 + 9*f - 14. Let w be m(4). Suppose 6*b = 4336 - w. Is b a composite number?
False
Is -698*2*(-736)/128 composite?
True
Suppose c = -2*u - 613, 2434 = -4*c + 4*u - 3*u. Let m(g) = -7*g**3 + 5*g**2 + 12*g + 10. Let d be m(-5). Let n = d + c. Is n a prime number?
False
Suppose 0 = -2*y + 5*g + 4167, 33*g = -y + 28*g + 2076. Is y a composite number?
False
Suppose 4*v - 139665 = j, -15*j + 11*j - 20 = 0. Is v a prime number?
False
Let m be (4 + -8 - -2)*2. Let r be 1 - m/(-2) - -160. Let i = 286 - r. Is i prime?
True
Let m be (-7 + 40)/((-3)/(-4)). Let p(z) = z**2 - 6*z + 8. Let h be p(6). Is 26*(m/h + -2) composite?
True
Let i be 2660/(-18) - 22/99. Let x = 105 - i. Is x prime?
False
Let q = 2426 - 1539. Is q a composite number?
False
Suppose 2*h = -m + 385573, 178535 = 5*h + 5*m - 785395. Is h prime?
False
Let f be (35955/25)/(-1 - 18/(-15)). Suppose -5*w + i - 1291 = -f, -w = -3*i - 1166. Is w prime?
True
Let f(a) = a**2 - 5*a + 6. Let g be f(2). Suppose -2*n + 2228 = -l, g = -4*n - l + 5*l + 4452. Is n composite?
True
Suppose -2*w + 182647 = -0*w - 5*f, 4*w - 3*f - 365315 = 0. Is w a composite number?
False
Let r(v) = v**2 - 4*v - 9. Suppose 4*f + 10 = 38. Let g be r(f). Suppose 10*x = g*x - 446. Is x prime?
True
Suppose -13*p = -1061 - 3242. Is p prime?
True
Let t = -7 + 5. Let x be t/2 - (-6 - -5). Suppose x = 4*f + 5*i - 248, 2*i - 6*i = -2*f + 150. Is f a prime number?
True
Suppose 535 = 3*y + g + 39, -y + 162 = -3*g. Let t = -83 + y. Is t prime?
False
Let d(x) = -36*x - 14. Let t(p) = 35*p + 16. Let u(g) = -2*d(g) - 3*t(g). Is u(-9) a prime number?
True
Let h(f) = f**3 + 4*f**2 - 4*f - 10. Let u be h(8). Let w = u - 227. Is w composite?
False
Suppose 3*u + 9 = 5*q, -5*q = -q + 3*u - 18. Suppose q*c + 5*t - 31 = 0, c + t = -3*c + 13. Suppose 4*p - 3*o = 2*p + 416, -c*p + 4*o = -414. Is p prime?
True
Suppose -2620 = -2*g - 3*g. Suppose 0 = -j - j - 458. Let o = j + g. Is o a prime number?
False
Let s be (-3)/9 + (48/9 - 2). Suppose 0 = -m - 5*v + 819, -10 = v - s*v. Is m prime?
False
Suppose 3*z = -2*r + 1525, r + 2*z + 2*z - 770 = 0. Is r a prime number?
False
Suppose -59*i + 389427 = 155374. Is i prime?
True
Suppose -1 = 3*i - 2*f, 2*f = 5*f - 15. Let p be -3*362/(-6) - i. Let d = -95 + p. Is d a composite number?
False
Suppose -1 + 7 = -3*d. Is d/7 - (-9190)/70 a composite number?
False
Is (-2 + -13 + 2)*-227 a prime number?
False
Let x = 8 + -6. Suppose 0 = -x*l - 5*n - 17, -2*l + 3 - 15 = 4*n. Suppose l*o - 333 = 311. Is o prime?
False
Suppose -3*j = 9*a - 4*a - 11333, a = -3*j + 11341. Is j composite?
True
Let k = -5 - -10. Let u = 1838 + -535. Suppose 5*h + 4*p = u, k*h - 2*p - 1299 = -4*p. Is h prime?
False
Is (-36)/12 + 8 + 10072 composite?
True
Let g(x) be the third derivative of 1/24*x**4 + 0*x + 5*x**2 - 1/6*x**3 - 1/30*x**5 - 1/6*x**6 + 0. Is g(-2) a composite number?
False
Let z = 22790 + -11640. Is (1/(-2))/((-22305)/z + 2) a composite number?
True
Suppose -8*g + 1075 = -1317. Is g a composite number?
True
Let y(u) = 21 + 7*u + 0*u**3 + u**2 + u**2 + 0*u**2 - u**3. Is y(-11) composite?
True
Let b = -25 + 24. Let r(y) = -69*y + 2. Is r(b) composite?
False
Let v(y) = 33*y**3 - y**2 + y. Let c be v(1). Let i = c + -17. Let s = 31 - i. Is s a composite number?
True
Suppose -4*a + c + 14 + 11 = 0, 3*c + 3 = 0. Let u be (12/36)/(1/a). Is (363/12 - u)*4 a prime number?
True
Let b(w) = -w**3 + w**2 + 405. Let u be b(0). Suppose -u = -2*c - 5*n, -n - 240 = -c + 4*n. Is c a prime number?
False
Let q = -76208 - -420625. Is q composite?
False
Suppose -2*j = 4*x - 366, -3*j + 553 = -2*x + 4*x. Is j a composite number?
True
Suppose -4*q + 769 = -3*k - 0*q, 4*k + 1021 = q. Is 6*(-2)/(-6) - k a prime number?
True
Let y(h) = h**2 + 3. Let c be y(6). Let w = 412 + c. Is w a composite number?
True
Let s = 1060 - -1441. Is s composite?
True
Suppose 20*j - 62*j = -530922. Is j a prime number?
True
Let q be (-4)/(10/3 + -4). Suppose 3*o = 2*t + 2510, 5*t + 2504 = -3*o + q*o. Is o a prime number?
False
Let q = 51 - 50. Is ((-31686)/(-54))/q - (-4)/18 composite?
False
Let o(i) be the third derivative of 49*i**5/60 - 5*i**4/12 - 7*i**3/6 - 18*i**2. Is o(-6) prime?
False
Suppose 3*f = -2*t + 1237 + 993, 3*t = 5*f + 3383. Is t prime?
False
Let v = 342 + 6103. Is v prime?
False
Suppose 56*y - 3978346 = -645954. Is y a composite number?
True
Suppose -5*s - 20 = 0, -15*s + 16*s = -5*z + 33181. Is z composite?
False
Let v = 85 - 255. Let g = 567 + v. Is g a prime number?
True
Let o = -5011 - -1534. Let y = -1678 - o. Is y a prime number?
False
Is (-57)/133 - (-78382)/7 a composite number?
False
Let k(f) = -1 + 11*f**2 + 4*f + 51*f**2 - 3*f. Let r be (-20)/(-28) + (-6)/(-21). Is k(r) a composite number?
True
Suppose 0 = 33*a - 39*a + 5958. Is a a composite number?
True
Let b(i) = -2*i - 6. Let h be b(-7). Suppose h*k = 3719 - 735. Is k prime?
True
Let p(a) = -a**3 - 6*a**2 - 9*a + 4. Let y be p(-3). Suppose 120 - 1124 = -y*c. Is c composite?
False
Is 7076509/222 + (-10)/(-12) a composite number?
True
Let m = -40579 - -73806. Is m a composite number?
True
Suppose f = -4*f + 9320. Suppose -8*l + f = -4*l. Is l composite?
True
Suppose -3*d + 4*d - 2*f = 11, -4*f - 32 = -4*d. Let h be 2*(-1 + 2) - -64. Suppose -d*j + 2*j + 56 = 2*a, -2*a + h = -2*j. Is a a composite number?
False
Let d(n) = -38*n - 7. Let m = 10 + -16. Is d(m) prime?
False
Is (394/(-591))/(4/(-318)) composite?
False
Let d(a) = a**2 + 8*a - 15. Let y be d(-10). Suppose 3*t + y*s - 3915 = -2*t, 2373 = 3*t - 3*s. Is t a composite number?
False
Let t = 928 - -1885. Is t composite?
True
Suppose 8*l + u - 75042 = 5*l, 0 = l - 2*u - 25007. Is l composite?
False
Suppose -268 = -4*p + 11464. Is p prime?
False
Let u(b) = 12*b**2 + 29*b - 37. Is u(-12) composite?
True
Let p(f) = 17*f**3 - 12*f**2 + 19*f - 35. Is p(8) a composite number?
False
Let v = 860 - -1974. Suppose -5*r = -3*s - 11964, 1960 = 2*r - 4*s - v. Is r a composite number?
True
Let j(l) = -2*l**2 + 4*l - 1. Let z be j(3). Let x = z - -10. Suppose -5*o - 64 = -c, -4*c + 238 = -x*o + o. Is c prime?
True
Let k(b) = -b**3 - 12*b**2 - 2*b - 24. Let u be k(-12). Let m(o) = o + 713. Is m(u) composite?
True
Let p = 2324 - -279. Is p prime?
False
Suppose 2*k + 0*l + 40 = -l, 0 = l + 4. Let p be 2/(-3) - (-24)/k. Is 247 - -6*p/(-3) composite?
False
Let m(s) = 12*s**2 + 13*s +